er?
True
Suppose 0 = -12*c + 16*c + 3*p - 517, -5*c + 651 = -p. Suppose 124*a = c*a - 31566. Is a composite?
False
Let o = 4205 - 7137. Is (-51)/(-34)*o/(-3) prime?
False
Suppose 231*r + 3*h = 233*r - 1509700, r = 2*h + 754847. Is r a composite number?
True
Suppose -3*a + 134 = -4*a - 4*u, -594 = 5*a + u. Suppose -d - 407 = -2*w, -5*w + 3*w - 4*d = -402. Let p = a + w. Is p a composite number?
True
Is ((-18)/(-27))/((-3)/428*16/(-28422)) a composite number?
True
Let w be (-2)/(-5)*(-1 - 9). Suppose -25*d = -30*d. Is (-1901)/w*(d + 4) prime?
True
Is -266902*42/(-180) - (4/(-15))/(-2) a prime number?
False
Let s(n) = -n**3 - 22*n**2 - 45*n + 43. Is s(-25) composite?
True
Let o be (-1 - -2)/((-1)/(-2)). Let q(d) = -101*d + 707. Let x be q(7). Suppose -o*w + w + 331 = x. Is w composite?
False
Let h(l) = 21*l - 36*l + 14*l - 1. Let t(u) = 89*u + 4. Let n(x) = -3*h(x) + t(x). Is n(8) a composite number?
False
Suppose -5*k = 4*k - 261140 - 164587. Is k a composite number?
False
Let l(c) = -c**3 + 14*c**2 + 16*c - 9. Let t be l(15). Suppose t = -10*z + 36. Suppose -z*v = 3*v - 786. Is v a prime number?
True
Suppose 234*a - 231*a = 1596. Suppose -5*y + 285 = -1440. Let m = y + a. Is m composite?
False
Let b be (-3)/7 - 208/(-28). Suppose 0 = -20*l + b*l. Suppose 4*u - 264 - 1660 = l. Is u prime?
False
Is 26854043/23 + (-134)/1541 a composite number?
True
Suppose -9*m + 24 = -m. Suppose -m*k = -6*k + 1830. Let h = k + 109. Is h prime?
True
Suppose -1071*a + 1104*a = 378642. Is a a composite number?
True
Suppose 12*l + 67968 = 281676. Suppose l = 3*d + 4*c, 2*d - c = 7615 + 4265. Is d a composite number?
False
Let d(t) = t + 1. Let j(z) = 1054*z - 1. Let w(p) = 6*d(p) + j(p). Is w(5) composite?
True
Let a = -10902 + 99929. Is a a prime number?
False
Suppose -4*a - 515*l + 516*l = -71822, -3*l = -5*a + 89767. Is a composite?
False
Let w(m) = -68 - 99 - 9*m + 10*m - 242 + m**2. Let a be w(0). Let x = a - -712. Is x a prime number?
False
Suppose 15*i = 13*i + b + 4, -i - 5 = 3*b. Is ((-2)/(-1) - i)*(23 + 3386) a prime number?
False
Suppose -29*a - 165 = -26*a. Let h = 58 + a. Suppose -h*l = -7*l + 1172. Is l prime?
True
Let n(z) = 7349*z**2 + 347*z + 1387. Is n(-4) prime?
False
Let c(o) = 2*o**3 - 20*o**2 + 517*o + 196. Is c(103) a composite number?
False
Let y(l) = -62*l**3 + 2*l**2 + 4*l + 5. Let n = -215 + 211. Is y(n) composite?
False
Let d(r) = 49*r + 38*r**2 - 40*r**2 - 2 + 12 + 3*r. Is d(18) a composite number?
True
Let d(y) = 262*y + 9. Let j be d(7). Let z = j + -776. Suppose -15*i = -14*i - z. Is i prime?
False
Let n be (-189084)/(-8)*14/21 - 5. Suppose -3*x + 28648 = 2*u, -1421 = u + 5*x - n. Is u a composite number?
False
Suppose 0 = -b - 6*b + 49. Let y be (-23)/2*(b + 79)*-5. Suppose a = -3*m + y, 2*m - 4957 = -m + 5*a. Is m prime?
False
Let i be -1766*7/7*(-4 + 3). Let w = 1381 + i. Is w composite?
True
Suppose -13*a + 105 + 51 = 0. Let p be 18892/a + (-4)/12. Is (p/4)/(2 - (-9)/(-6)) prime?
True
Let b = 0 + 4. Let y(c) = c - 6*c - b + 71*c**2 + 7*c. Is y(3) a prime number?
True
Let h be (23704/12 + 6)*45/12. Suppose -4*y + h = 2*m, -2*m - 18570 = -7*m - 5*y. Is m a composite number?
True
Suppose -93*d - 286065 = -108*d. Let t = d + -11320. Is t composite?
True
Suppose 3 = y + 4*f, 0*y + 9 = 3*y + 2*f. Suppose y*m - 494 - 145 = 0. Suppose 0 = g - m - 50. Is g a composite number?
False
Let f be (12/(-9))/((-4)/(-12)). Let r be f/(60/(-9)) + 7/5. Suppose -r*a + 5*d + 522 = 0, -a + 255 = -0*a - d. Is a a composite number?
False
Let z = -196 - -201. Suppose -5*q = -4*u + 35632, -z*u + 3*q + 8915 = -4*u. Is u prime?
False
Suppose 0 = 7*l - 15413 - 34777. Suppose -2*c + 4*g = 8*g - l, -7198 = -2*c + 3*g. Is c a composite number?
False
Let y(q) be the second derivative of q**5/5 - 35*q**4/12 + 25*q**3/6 + 5*q**2/2 + 5*q. Is y(14) a prime number?
False
Suppose -1662 = 6*x - 7*x. Suppose -37*h = -35*h - x. Is h a composite number?
True
Let r be (-1 + -3)/(4/(-2)). Let x be (r/(2 + 0))/((-2)/(-8)). Suppose -98 - 810 = -k - u, -4*u + x = 0. Is k a composite number?
False
Let g(z) = -z**3 + 28*z**2 - 13*z + 47. Suppose -2*y - 105 = -3*m, 4*y - 145 = -4*m - 25. Suppose -3*q = -3*b + 78, -4*q + m - 7 = b. Is g(b) composite?
False
Suppose 8 + 2 = -2*h, h = 4*c - 5. Suppose r + 3 - 7 = c. Is (-1*6/r)/(4/(-2008)) a prime number?
False
Suppose -y = 2*g - 4*g - 10, 34 = 2*y + 3*g. Suppose -a - y = a + 4*f, 0 = -a - f - 2. Suppose v - 2891 = -a*j + 242, -j - v + 1047 = 0. Is j composite?
True
Let n be (7 - 6)/((-3)/(-585)). Is n/6 + 6 + 2/(-4) prime?
False
Let b(m) = 2114*m + 4457. Is b(31) a prime number?
True
Suppose -35*p + 1258657 + 1198659 = -1338049. Is p prime?
True
Suppose -4*i + 24 = -i. Suppose 112*l - 451 + 115 = 0. Suppose i*c = l*c + 2915. Is c composite?
True
Let v = -87 + 106. Is v*-22*1/(-2) + 0 a composite number?
True
Let q = 163629 - -7574. Is q a composite number?
False
Is (-220)/(-88)*((-1)/(-5))/((-1)/(-234326)) prime?
True
Is 94203 + ((-1)/3)/(15/(-180)*-2) a composite number?
False
Let c be (-2 + 1)/(2/(-2382)). Suppose -5*m = -2*m - c. Suppose -2*f = -7*f - 4*h + 661, 3*f - m = -2*h. Is f a composite number?
True
Is 74779*(-113 + -6)/(-17) a composite number?
True
Let p(c) = 1517*c**2 - 16*c + 421. Is p(-11) prime?
False
Let q = 3114 + -2173. Suppose 0 = -5*k + 4876 - q. Is k a composite number?
False
Suppose -f + 4*s + 288963 = 0, f + 5*s - 285745 = 3281. Is f a prime number?
True
Suppose -51*q = -59*q + 48. Suppose 0 = q*g + 3*g - 9. Is (4 + (-2451)/(-3))*g a composite number?
False
Is (12744/(-32) - 1)/((-3)/12) prime?
True
Let p = 13009 + -2693. Suppose 13*s = 17*s - p. Is s a composite number?
False
Suppose -6*d = -0*d - 48. Suppose s - d = 3*s. Is 7572/s*(-3)/9 a prime number?
True
Suppose 8*v + 1199 = 119. Is (-291435)/v + 2/9 a composite number?
True
Suppose 0 = 24*p - 10529 - 532183. Is p composite?
False
Let t(m) = -m**2 + 1. Let g be t(3). Is g/(-52) - 71325/(-39) a composite number?
True
Suppose -8*m + 5*m = -9. Suppose 0 = 2*p + 2*v + 4, 2 = -6*p + p + m*v. Is p/(19161/(-12762) + 3/2) a composite number?
False
Let h be -823*1 - ((9 - 7) + -6). Let v = -34 - h. Is v composite?
True
Let l(v) = 21*v**2 + v + 5. Let s be l(-3). Let z be 5290/(-2)*(-2 - -3)/(-1). Suppose -6*h + z = s. Is h composite?
False
Let a(w) = -23*w**3 + 14*w**2 + 5*w - 3. Let m be a(-6). Suppose -3*p = 516 - m. Is p a prime number?
False
Let p = 19523 - -24690. Suppose 2383 - p = -10*l. Is l a composite number?
True
Let x = 34408 + -20016. Suppose -8*j = -4*j - x. Suppose 2*n + 12*n = j. Is n prime?
True
Let m(k) = -1855*k**2 - 5*k + 4. Let x be m(1). Let g = x + 3730. Is g prime?
False
Suppose -3250*y - 6034762 - 11898224 = -3268*y. Is y a composite number?
True
Suppose -g - 19*x + 6964 = -14*x, -4*x - 12 = 0. Is g a prime number?
False
Let u be (6/(-4))/((-6)/56). Let k = -9028 + 9043. Suppose 0 = u*w - k*w + 319. Is w a prime number?
False
Is 14 + (19 - 26) + -1*31718*-2 composite?
False
Suppose 881917 = 19*g - 202774. Is g composite?
False
Let d(p) = 108*p**2 - 1. Let g(b) = -108*b**2 + 1. Let t(j) = -6*d(j) - 7*g(j). Is t(-3) a composite number?
False
Let k be 3 - 0 - (-1 + -11). Let x(j) = k*j - 9*j - 11 + 25*j + 5. Is x(7) composite?
False
Let b = 500675 - -746310. Is b composite?
True
Let v be 15/(-2)*168/210. Is ((-5905)/(-15))/(11/v + 2) prime?
False
Suppose 3*h = -7*h + 340. Suppose -h*q = -414417 + 169379. Is q prime?
True
Suppose -3*h + 6592 = -2615. Suppose -2*g + h = -3305. Suppose -5*u + 5371 = 2*a, -5*a + 47 = 3*u - g. Is u composite?
True
Suppose -10*a - 2139 = -12429. Let z = a - -1100. Is z composite?
False
Let x = -2530 + 15741. Is x a composite number?
True
Suppose -98*h - 8925 = -101*h. Suppose q = 2*b + h, -3*q - b + 11927 = q. Suppose -5*t = 3*g - 8255, -5*t - g + 11246 = q. Is t a composite number?
True
Let i = -65 - -71. Suppose -2*q + 5*h = -4367, 8*h - 8722 = -4*q + i*h. Is q a prime number?
False
Let r = -15686 + 16945. Is r a composite number?
False
Suppose 3*k = v + 2377 + 125, -3*v + 5*k - 7518 = 0. Let z = 692 - v. Is z a composite number?
False
Suppose 10 = 2*f, -18*d + 161217 = -17*d + 4*f. Is d a composite number?
True
Let h be (-255)/(-17) - (-2 - -1). Let g be ((-34503)/2)/(-3) + (-8)/h. Let t = g - 3135. Is t a